{"id":3447,"date":"2025-07-12T19:02:01","date_gmt":"2025-07-12T19:02:01","guid":{"rendered":"https:\/\/www.dota.go.cr\/ViveDota\/?page_id=3447"},"modified":"2025-08-13T19:15:58","modified_gmt":"2025-08-13T19:15:58","slug":"2-27-panes-y-reposteria-adri","status":"publish","type":"page","link":"https:\/\/www.dota.go.cr\/ViveDota\/02-producers\/2-27-panes-y-reposteria-adri\/","title":{"rendered":"2.27 Panes y Reposter\u00eda Adri"},"content":{"rendered":"\t\t<div data-elementor-type=\"wp-page\" data-elementor-id=\"3447\" class=\"elementor elementor-3447\">\n\t\t\t\t<div class=\"elementor-element elementor-element-10cb0e6 e-flex e-con-boxed e-con e-parent\" data-id=\"10cb0e6\" data-element_type=\"container\">\n\t\t\t\t\t<div class=\"e-con-inner\">\n\t\t\t\t<div class=\"elementor-element elementor-element-5bd2dd2 elementor-widget-divider--view-line elementor-widget elementor-widget-divider\" data-id=\"5bd2dd2\" data-element_type=\"widget\" data-widget_type=\"divider.default\">\n\t\t\t\t<div class=\"elementor-widget-container\">\n\t\t\t\t\t\t\t<div class=\"elementor-divider\">\n\t\t\t<span class=\"elementor-divider-separator\">\n\t\t\t\t\t\t<\/span>\n\t\t<\/div>\n\t\t\t\t\t\t<\/div>\n\t\t\t\t<\/div>\n\t\t\t\t\t<\/div>\n\t\t\t\t<\/div>\n\t\t<div class=\"elementor-element elementor-element-df2de84 e-flex e-con-boxed e-con e-parent\" data-id=\"df2de84\" data-element_type=\"container\">\n\t\t\t\t\t<div class=\"e-con-inner\">\n\t\t<div class=\"elementor-element elementor-element-f56e864 e-con-full e-flex e-con e-child\" data-id=\"f56e864\" data-element_type=\"container\">\n\t\t<div class=\"elementor-element elementor-element-9664a0d e-con-full e-flex e-con e-child\" data-id=\"9664a0d\" data-element_type=\"container\">\n\t\t<div class=\"elementor-element elementor-element-72f3522 e-con-full e-flex e-con e-child\" data-id=\"72f3522\" data-element_type=\"container\">\n\t\t\t\t<div class=\"elementor-element elementor-element-a5ce208 elementor-widget elementor-widget-heading\" data-id=\"a5ce208\" data-element_type=\"widget\" data-widget_type=\"heading.default\">\n\t\t\t\t<div class=\"elementor-widget-container\">\n\t\t\t\t\t<h3 class=\"elementor-heading-title elementor-size-default\">Panes y Reposter\u00eda Adri <\/h3>\t\t\t\t<\/div>\n\t\t\t\t<\/div>\n\t\t\t\t<\/div>\n\t\t<div class=\"elementor-element elementor-element-1b39bd9 e-con-full e-flex e-con e-child\" data-id=\"1b39bd9\" data-element_type=\"container\" data-settings=\"{&quot;background_background&quot;:&quot;classic&quot;}\">\n\t\t<div class=\"elementor-element elementor-element-f11c289 e-con-full e-flex e-con e-child\" data-id=\"f11c289\" data-element_type=\"container\">\n\t\t\t\t<div class=\"elementor-element elementor-element-6126a11 elementor-list-item-link-full_width elementor-widget elementor-widget-icon-list\" data-id=\"6126a11\" data-element_type=\"widget\" data-widget_type=\"icon-list.default\">\n\t\t\t\t<div class=\"elementor-widget-container\">\n\t\t\t\t\t\t\t<ul class=\"elementor-icon-list-items\">\n\t\t\t\t\t\t\t<li class=\"elementor-icon-list-item\">\n\t\t\t\t\t\t\t\t\t\t\t<span class=\"elementor-icon-list-icon\">\n\t\t\t\t\t\t\t<svg aria-hidden=\"true\" class=\"e-font-icon-svg e-fas-phone-alt\" viewBox=\"0 0 512 512\" xmlns=\"http:\/\/www.w3.org\/2000\/svg\"><path d=\"M497.39 361.8l-112-48a24 24 0 0 0-28 6.9l-49.6 60.6A370.66 370.66 0 0 1 130.6 204.11l60.6-49.6a23.94 23.94 0 0 0 6.9-28l-48-112A24.16 24.16 0 0 0 122.6.61l-104 24A24 24 0 0 0 0 48c0 256.5 207.9 464 464 464a24 24 0 0 0 23.4-18.6l24-104a24.29 24.29 0 0 0-14.01-27.6z\"><\/path><\/svg>\t\t\t\t\t\t<\/span>\n\t\t\t\t\t\t\t\t\t\t<span class=\"elementor-icon-list-text\">+506 8856 5471<\/span>\n\t\t\t\t\t\t\t\t\t<\/li>\n\t\t\t\t\t\t\t\t<li class=\"elementor-icon-list-item\">\n\t\t\t\t\t\t\t\t\t\t\t<span class=\"elementor-icon-list-icon\">\n\t\t\t\t\t\t\t<svg aria-hidden=\"true\" class=\"e-font-icon-svg e-fas-envelope\" viewBox=\"0 0 512 512\" xmlns=\"http:\/\/www.w3.org\/2000\/svg\"><path d=\"M502.3 190.8c3.9-3.1 9.7-.2 9.7 4.7V400c0 26.5-21.5 48-48 48H48c-26.5 0-48-21.5-48-48V195.6c0-5 5.7-7.8 9.7-4.7 22.4 17.4 52.1 39.5 154.1 113.6 21.1 15.4 56.7 47.8 92.2 47.6 35.7.3 72-32.8 92.3-47.6 102-74.1 131.6-96.3 154-113.7zM256 320c23.2.4 56.6-29.2 73.4-41.4 132.7-96.3 142.8-104.7 173.4-128.7 5.8-4.5 9.2-11.5 9.2-18.9v-19c0-26.5-21.5-48-48-48H48C21.5 64 0 85.5 0 112v19c0 7.4 3.4 14.3 9.2 18.9 30.6 23.9 40.7 32.4 173.4 128.7 16.8 12.2 50.2 41.8 73.4 41.4z\"><\/path><\/svg>\t\t\t\t\t\t<\/span>\n\t\t\t\t\t\t\t\t\t\t<span class=\"elementor-icon-list-text\">adri16132009@hotmail.com<\/span>\n\t\t\t\t\t\t\t\t\t<\/li>\n\t\t\t\t\t\t\t\t<li class=\"elementor-icon-list-item\">\n\t\t\t\t\t\t\t\t\t\t\t<span class=\"elementor-icon-list-icon\">\n\t\t\t\t\t\t\t<svg aria-hidden=\"true\" class=\"e-font-icon-svg e-fab-facebook\" viewBox=\"0 0 512 512\" xmlns=\"http:\/\/www.w3.org\/2000\/svg\"><path d=\"M504 256C504 119 393 8 256 8S8 119 8 256c0 123.78 90.69 226.38 209.25 245V327.69h-63V256h63v-54.64c0-62.15 37-96.48 93.67-96.48 27.14 0 55.52 4.84 55.52 4.84v61h-31.28c-30.8 0-40.41 19.12-40.41 38.73V256h68.78l-11 71.69h-57.78V501C413.31 482.38 504 379.78 504 256z\"><\/path><\/svg>\t\t\t\t\t\t<\/span>\n\t\t\t\t\t\t\t\t\t\t<span class=\"elementor-icon-list-text\">Panes y Reposter\u00eda Adri<\/span>\n\t\t\t\t\t\t\t\t\t<\/li>\n\t\t\t\t\t\t\t\t<li class=\"elementor-icon-list-item\">\n\t\t\t\t\t\t\t\t\t\t\t<span class=\"elementor-icon-list-icon\">\n\t\t\t\t\t\t\t<svg aria-hidden=\"true\" class=\"e-font-icon-svg e-fas-map-marker-alt\" viewBox=\"0 0 384 512\" xmlns=\"http:\/\/www.w3.org\/2000\/svg\"><path d=\"M172.268 501.67C26.97 291.031 0 269.413 0 192 0 85.961 85.961 0 192 0s192 85.961 192 192c0 77.413-26.97 99.031-172.268 309.67-9.535 13.774-29.93 13.773-39.464 0zM192 272c44.183 0 80-35.817 80-80s-35.817-80-80-80-80 35.817-80 80 35.817 80 80 80z\"><\/path><\/svg>\t\t\t\t\t\t<\/span>\n\t\t\t\t\t\t\t\t\t\t<span class=\"elementor-icon-list-text\">200m al Este de Sun Valley Dota, Santa Mar\u00eda de Dota, San Jos\u00e9, Costa Rica<\/span>\n\t\t\t\t\t\t\t\t\t<\/li>\n\t\t\t\t\t\t\t\t<li class=\"elementor-icon-list-item\">\n\t\t\t\t\t\t\t\t\t\t\t<span class=\"elementor-icon-list-icon\">\n\t\t\t\t\t\t\t<svg aria-hidden=\"true\" class=\"e-font-icon-svg e-fas-clock\" viewBox=\"0 0 512 512\" xmlns=\"http:\/\/www.w3.org\/2000\/svg\"><path d=\"M256,8C119,8,8,119,8,256S119,504,256,504,504,393,504,256,393,8,256,8Zm92.49,313h0l-20,25a16,16,0,0,1-22.49,2.5h0l-67-49.72a40,40,0,0,1-15-31.23V112a16,16,0,0,1,16-16h32a16,16,0,0,1,16,16V256l58,42.5A16,16,0,0,1,348.49,321Z\"><\/path><\/svg>\t\t\t\t\t\t<\/span>\n\t\t\t\t\t\t\t\t\t\t<span class=\"elementor-icon-list-text\">A pedido <\/span>\n\t\t\t\t\t\t\t\t\t<\/li>\n\t\t\t\t\t\t<\/ul>\n\t\t\t\t\t\t<\/div>\n\t\t\t\t<\/div>\n\t\t\t\t<\/div>\n\t\t\t\t<\/div>\n\t\t\t\t<\/div>\n\t\t<div class=\"elementor-element elementor-element-3bb75d5 e-con-full e-flex e-con e-child\" data-id=\"3bb75d5\" data-element_type=\"container\">\n\t\t\t\t<div class=\"elementor-element elementor-element-1d37e68 elementor-widget elementor-widget-image\" data-id=\"1d37e68\" data-element_type=\"widget\" data-widget_type=\"image.default\">\n\t\t\t\t<div class=\"elementor-widget-container\">\n\t\t\t\t\t\t\t\t\t\t\t\t\t\t\t<img fetchpriority=\"high\" decoding=\"async\" width=\"1024\" height=\"1024\" src=\"https:\/\/www.dota.go.cr\/ViveDota\/wp-content\/uploads\/2025\/07\/Design-ohne-Titel-86-1024x1024.png\" class=\"attachment-large size-large wp-image-3400\" alt=\"\" srcset=\"https:\/\/www.dota.go.cr\/ViveDota\/wp-content\/uploads\/2025\/07\/Design-ohne-Titel-86-1024x1024.png 1024w, https:\/\/www.dota.go.cr\/ViveDota\/wp-content\/uploads\/2025\/07\/Design-ohne-Titel-86-300x300.png 300w, https:\/\/www.dota.go.cr\/ViveDota\/wp-content\/uploads\/2025\/07\/Design-ohne-Titel-86-150x150.png 150w, https:\/\/www.dota.go.cr\/ViveDota\/wp-content\/uploads\/2025\/07\/Design-ohne-Titel-86-768x768.png 768w, https:\/\/www.dota.go.cr\/ViveDota\/wp-content\/uploads\/2025\/07\/Design-ohne-Titel-86.png 1500w\" sizes=\"(max-width: 1024px) 100vw, 1024px\" \/>\t\t\t\t\t\t\t\t\t\t\t\t\t\t\t<\/div>\n\t\t\t\t<\/div>\n\t\t\t\t<\/div>\n\t\t\t\t<\/div>\n\t\t\t\t\t<\/div>\n\t\t\t\t<\/div>\n\t\t<div class=\"elementor-element elementor-element-c8aa4a4 e-flex e-con-boxed e-con e-parent\" data-id=\"c8aa4a4\" data-element_type=\"container\">\n\t\t\t\t\t<div class=\"e-con-inner\">\n\t\t\t\t<div class=\"elementor-element elementor-element-aa64687 elementor-widget elementor-widget-spacer\" data-id=\"aa64687\" data-element_type=\"widget\" data-widget_type=\"spacer.default\">\n\t\t\t\t<div class=\"elementor-widget-container\">\n\t\t\t\t\t\t\t<div class=\"elementor-spacer\">\n\t\t\t<div class=\"elementor-spacer-inner\"><\/div>\n\t\t<\/div>\n\t\t\t\t\t\t<\/div>\n\t\t\t\t<\/div>\n\t\t\t\t\t<\/div>\n\t\t\t\t<\/div>\n\t\t<div class=\"elementor-element elementor-element-b9a6a17 e-flex e-con-boxed e-con e-parent\" data-id=\"b9a6a17\" data-element_type=\"container\">\n\t\t\t\t\t<div class=\"e-con-inner\">\n\t\t<div class=\"elementor-element elementor-element-6e51f0e e-con-full e-flex e-con e-child\" data-id=\"6e51f0e\" data-element_type=\"container\">\n\t\t\t\t<div class=\"elementor-element elementor-element-3c04c7d elementor-widget elementor-widget-heading\" data-id=\"3c04c7d\" data-element_type=\"widget\" data-widget_type=\"heading.default\">\n\t\t\t\t<div class=\"elementor-widget-container\">\n\t\t\t\t\t<h4 class=\"elementor-heading-title elementor-size-default\">Sabor aut\u00e9ntico de tradici\u00f3n familar <\/h4>\t\t\t\t<\/div>\n\t\t\t\t<\/div>\n\t\t\t\t<div class=\"elementor-element elementor-element-4e7d80d elementor-widget__width-inherit elementor-widget elementor-widget-text-editor\" data-id=\"4e7d80d\" data-element_type=\"widget\" data-widget_type=\"text-editor.default\">\n\t\t\t\t<div class=\"elementor-widget-container\">\n\t\t\t\t\t\t\t\t\t<p data-start=\"377\" data-end=\"579\">Adriana hornea algo m\u00e1s que pan: hornea recuerdos, calidez y tradici\u00f3n. Panes y Reposter\u00eda Adri es un emprendimiento familiar guiado por la pasi\u00f3n de Adriana, quien aprendi\u00f3 a amar la cocina desde muy joven, inspirada por su madre. Aunque ella es quien prepara cada pan con esmero en su propia cocina, su esposo y sus hijos forman parte vital del proyecto: lavan, acomodan, entregan, apoyan. Aqu\u00ed, cada pedido lleva tambi\u00e9n el esfuerzo y cari\u00f1o de toda una familia.<\/p><p data-start=\"980\" data-end=\"1389\">Los productos de Adriana son tan variados como sabrosos: Todo hecho con ingredientes frescos, recetas tradicionales y el compromiso de mantener una calidad constante. Como ella misma dice con orgullo:<\/p>\t\t\t\t\t\t\t\t<\/div>\n\t\t\t\t<\/div>\n\t\t\t\t<div class=\"elementor-element elementor-element-30112ba elementor-widget-divider--view-line elementor-widget elementor-widget-divider\" data-id=\"30112ba\" data-element_type=\"widget\" data-widget_type=\"divider.default\">\n\t\t\t\t<div class=\"elementor-widget-container\">\n\t\t\t\t\t\t\t<div class=\"elementor-divider\">\n\t\t\t<span class=\"elementor-divider-separator\">\n\t\t\t\t\t\t<\/span>\n\t\t<\/div>\n\t\t\t\t\t\t<\/div>\n\t\t\t\t<\/div>\n\t\t\t\t<div class=\"elementor-element elementor-element-f55c083 elementor-widget elementor-widget-text-editor\" data-id=\"f55c083\" data-element_type=\"widget\" data-widget_type=\"text-editor.default\">\n\t\t\t\t<div class=\"elementor-widget-container\">\n\t\t\t\t\t\t\t\t\t<p><strong><span style=\"white-space-collapse: preserve; font-size: 1rem;\">&#8220;<\/span>Nunca he recibido una queja. Y para m\u00ed, eso lo es todo.<span style=\"white-space-collapse: preserve; font-size: 1rem;\">&#8220;<\/span><span style=\"white-space-collapse: preserve; font-style: inherit;\">\u00a0<\/span><\/strong><\/p>\t\t\t\t\t\t\t\t<\/div>\n\t\t\t\t<\/div>\n\t\t\t\t<div class=\"elementor-element elementor-element-bd409ab elementor-widget-divider--view-line elementor-widget elementor-widget-divider\" data-id=\"bd409ab\" data-element_type=\"widget\" data-widget_type=\"divider.default\">\n\t\t\t\t<div class=\"elementor-widget-container\">\n\t\t\t\t\t\t\t<div class=\"elementor-divider\">\n\t\t\t<span class=\"elementor-divider-separator\">\n\t\t\t\t\t\t<\/span>\n\t\t<\/div>\n\t\t\t\t\t\t<\/div>\n\t\t\t\t<\/div>\n\t\t\t\t<\/div>\n\t\t\t\t\t<\/div>\n\t\t\t\t<\/div>\n\t\t<div class=\"elementor-element elementor-element-4fd859a e-flex e-con-boxed e-con e-parent\" data-id=\"4fd859a\" data-element_type=\"container\">\n\t\t\t\t\t<div class=\"e-con-inner\">\n\t\t\t\t<div class=\"elementor-element elementor-element-7debf7b elementor-widget elementor-widget-spacer\" data-id=\"7debf7b\" data-element_type=\"widget\" data-widget_type=\"spacer.default\">\n\t\t\t\t<div class=\"elementor-widget-container\">\n\t\t\t\t\t\t\t<div class=\"elementor-spacer\">\n\t\t\t<div class=\"elementor-spacer-inner\"><\/div>\n\t\t<\/div>\n\t\t\t\t\t\t<\/div>\n\t\t\t\t<\/div>\n\t\t\t\t\t<\/div>\n\t\t\t\t<\/div>\n\t\t<div class=\"elementor-element elementor-element-7160885 e-flex e-con-boxed e-con e-parent\" data-id=\"7160885\" data-element_type=\"container\">\n\t\t\t\t\t<div class=\"e-con-inner\">\n\t\t<div class=\"elementor-element elementor-element-bde28e7 e-con-full e-flex e-con e-child\" data-id=\"bde28e7\" data-element_type=\"container\">\n\t\t\t\t<div class=\"elementor-element elementor-element-cf3d0b6 elementor-widget__width-initial elementor-widget elementor-widget-image\" data-id=\"cf3d0b6\" data-element_type=\"widget\" data-widget_type=\"image.default\">\n\t\t\t\t<div class=\"elementor-widget-container\">\n\t\t\t\t\t\t\t\t\t\t\t\t\t\t\t<img decoding=\"async\" width=\"1024\" height=\"1024\" src=\"https:\/\/www.dota.go.cr\/ViveDota\/wp-content\/uploads\/2025\/08\/Pa\u0308ckchen.png\" class=\"attachment-large size-large wp-image-4200\" alt=\"\" srcset=\"https:\/\/www.dota.go.cr\/ViveDota\/wp-content\/uploads\/2025\/08\/Pa\u0308ckchen.png 1024w, https:\/\/www.dota.go.cr\/ViveDota\/wp-content\/uploads\/2025\/08\/Pa\u0308ckchen-300x300.png 300w, https:\/\/www.dota.go.cr\/ViveDota\/wp-content\/uploads\/2025\/08\/Pa\u0308ckchen-150x150.png 150w, https:\/\/www.dota.go.cr\/ViveDota\/wp-content\/uploads\/2025\/08\/Pa\u0308ckchen-768x768.png 768w\" sizes=\"(max-width: 1024px) 100vw, 1024px\" \/>\t\t\t\t\t\t\t\t\t\t\t\t\t\t\t<\/div>\n\t\t\t\t<\/div>\n\t\t\t\t<\/div>\n\t\t<div class=\"elementor-element elementor-element-5474613 e-con-full e-flex e-con e-child\" data-id=\"5474613\" data-element_type=\"container\">\n\t\t\t\t<div class=\"elementor-element elementor-element-85c7812 elementor-widget elementor-widget-text-editor\" data-id=\"85c7812\" data-element_type=\"widget\" data-widget_type=\"text-editor.default\">\n\t\t\t\t<div class=\"elementor-widget-container\">\n\t\t\t\t\t\t\t\t\t<p data-start=\"1453\" data-end=\"1905\">Adem\u00e1s de vender por encargo v\u00eda WhatsApp, Panes y Reposter\u00eda Adri ofrece productos bajo pedido para eventos, reuniones o simplemente para disfrutar en casa. Gracias a su formaci\u00f3n t\u00e9cnica en alimentos y bebidas, Adriana conoce a fondo el valor de cada ingrediente y domina la elaboraci\u00f3n con precisi\u00f3n y equilibrio. A pesar de los cambios en precios del mercado, ella mantiene firme su compromiso con la calidad, sin sacrificar sabor ni tradici\u00f3n.<\/p><p data-start=\"1907\" data-end=\"2164\">Adriana est\u00e1 convencida de que el conocimiento debe compartirse. Apoya a otras emprendedoras de la zona, da consejos, motiva y construye redes. Tambi\u00e9n sigue form\u00e1ndose, leyendo, investigando y aprendiendo nuevas t\u00e9cnicas para seguir perfeccionando su arte.<\/p><p data-start=\"2166\" data-end=\"2401\">Santa Mar\u00eda de Dota es su hogar y su inspiraci\u00f3n: un pueblo tranquilo, solidario, rodeado de naturaleza. Y es aqu\u00ed donde esta panader\u00eda familiar sigue creciendo, conectando a vecinos y visitantes a trav\u00e9s de los sabores de siempre.<\/p>\t\t\t\t\t\t\t\t<\/div>\n\t\t\t\t<\/div>\n\t\t\t\t<\/div>\n\t\t\t\t\t<\/div>\n\t\t\t\t<\/div>\n\t\t<div class=\"elementor-element elementor-element-496f99b e-flex e-con-boxed e-con e-parent\" data-id=\"496f99b\" data-element_type=\"container\">\n\t\t\t\t\t<div class=\"e-con-inner\">\n\t\t\t\t<div class=\"elementor-element elementor-element-2ea0cde elementor-widget elementor-widget-spacer\" data-id=\"2ea0cde\" data-element_type=\"widget\" data-widget_type=\"spacer.default\">\n\t\t\t\t<div class=\"elementor-widget-container\">\n\t\t\t\t\t\t\t<div class=\"elementor-spacer\">\n\t\t\t<div class=\"elementor-spacer-inner\"><\/div>\n\t\t<\/div>\n\t\t\t\t\t\t<\/div>\n\t\t\t\t<\/div>\n\t\t\t\t\t<\/div>\n\t\t\t\t<\/div>\n\t\t<div class=\"elementor-element elementor-element-a9ff420 e-flex e-con-boxed e-con e-parent\" data-id=\"a9ff420\" data-element_type=\"container\">\n\t\t\t\t\t<div class=\"e-con-inner\">\n\t\t\t\t<div class=\"elementor-element elementor-element-b2cbfb3 elementor-widget elementor-widget-heading\" data-id=\"b2cbfb3\" data-element_type=\"widget\" data-widget_type=\"heading.default\">\n\t\t\t\t<div class=\"elementor-widget-container\">\n\t\t\t\t\t<h4 class=\"elementor-heading-title elementor-size-default\">Productos y Servicios  <\/h4>\t\t\t\t<\/div>\n\t\t\t\t<\/div>\n\t\t\t\t\t<\/div>\n\t\t\t\t<\/div>\n\t\t<div class=\"elementor-element elementor-element-b856b4c e-flex e-con-boxed e-con e-parent\" data-id=\"b856b4c\" data-element_type=\"container\">\n\t\t\t\t\t<div class=\"e-con-inner\">\n\t\t<div class=\"elementor-element elementor-element-ba32715 e-con-full e-flex e-con e-child\" data-id=\"ba32715\" data-element_type=\"container\">\n\t\t\t\t<div class=\"elementor-element elementor-element-2a1759a elementor-widget elementor-widget-text-editor\" data-id=\"2a1759a\" data-element_type=\"widget\" data-widget_type=\"text-editor.default\">\n\t\t\t\t<div class=\"elementor-widget-container\">\n\t\t\t\t\t\t\t\t\t<p><strong>Panes <br \/><\/strong><\/p><p>Panes plenas, con queso o especies o de yuca<\/p>\t\t\t\t\t\t\t\t<\/div>\n\t\t\t\t<\/div>\n\t\t\t\t<\/div>\n\t\t<div class=\"elementor-element elementor-element-a56dff7 e-con-full e-flex e-con e-child\" data-id=\"a56dff7\" data-element_type=\"container\">\n\t\t\t\t<div class=\"elementor-element elementor-element-0d3d9a1 elementor-widget elementor-widget-text-editor\" data-id=\"0d3d9a1\" data-element_type=\"widget\" data-widget_type=\"text-editor.default\">\n\t\t\t\t<div class=\"elementor-widget-container\">\n\t\t\t\t\t\t\t\t\t<p><strong>Reposter\u00eda<\/strong><\/p><p>Budines, queques secos de banano, zanahoria o queso crema, roscas de masa, empanadas caseras, cupcakes y delicias con chispas de chocolate, higos o canela<\/p>\t\t\t\t\t\t\t\t<\/div>\n\t\t\t\t<\/div>\n\t\t\t\t<\/div>\n\t\t\t\t\t<\/div>\n\t\t\t\t<\/div>\n\t\t<div class=\"elementor-element elementor-element-3d6c76b e-flex e-con-boxed e-con e-parent\" data-id=\"3d6c76b\" data-element_type=\"container\">\n\t\t\t\t\t<div class=\"e-con-inner\">\n\t\t<div class=\"elementor-element elementor-element-e8b6c0d e-con-full e-flex e-con e-child\" data-id=\"e8b6c0d\" data-element_type=\"container\">\n\t\t\t\t<div class=\"elementor-element elementor-element-f132331 elementor-widget elementor-widget-image\" data-id=\"f132331\" data-element_type=\"widget\" data-widget_type=\"image.default\">\n\t\t\t\t<div class=\"elementor-widget-container\">\n\t\t\t\t\t\t\t\t\t\t\t\t\t\t\t<img decoding=\"async\" width=\"1024\" height=\"1024\" src=\"https:\/\/www.dota.go.cr\/ViveDota\/wp-content\/uploads\/2025\/08\/Rose.png\" class=\"attachment-large size-large wp-image-4202\" alt=\"\" srcset=\"https:\/\/www.dota.go.cr\/ViveDota\/wp-content\/uploads\/2025\/08\/Rose.png 1024w, https:\/\/www.dota.go.cr\/ViveDota\/wp-content\/uploads\/2025\/08\/Rose-300x300.png 300w, https:\/\/www.dota.go.cr\/ViveDota\/wp-content\/uploads\/2025\/08\/Rose-150x150.png 150w, https:\/\/www.dota.go.cr\/ViveDota\/wp-content\/uploads\/2025\/08\/Rose-768x768.png 768w\" sizes=\"(max-width: 1024px) 100vw, 1024px\" \/>\t\t\t\t\t\t\t\t\t\t\t\t\t\t\t<\/div>\n\t\t\t\t<\/div>\n\t\t\t\t<div class=\"elementor-element elementor-element-03990c3 elementor-widget elementor-widget-image\" data-id=\"03990c3\" data-element_type=\"widget\" data-widget_type=\"image.default\">\n\t\t\t\t<div class=\"elementor-widget-container\">\n\t\t\t\t\t\t\t\t\t\t\t\t\t\t\t<img loading=\"lazy\" decoding=\"async\" width=\"1024\" height=\"1024\" src=\"https:\/\/www.dota.go.cr\/ViveDota\/wp-content\/uploads\/2025\/08\/Keks.png\" class=\"attachment-large size-large wp-image-4203\" alt=\"\" srcset=\"https:\/\/www.dota.go.cr\/ViveDota\/wp-content\/uploads\/2025\/08\/Keks.png 1024w, https:\/\/www.dota.go.cr\/ViveDota\/wp-content\/uploads\/2025\/08\/Keks-300x300.png 300w, https:\/\/www.dota.go.cr\/ViveDota\/wp-content\/uploads\/2025\/08\/Keks-150x150.png 150w, https:\/\/www.dota.go.cr\/ViveDota\/wp-content\/uploads\/2025\/08\/Keks-768x768.png 768w\" sizes=\"(max-width: 1024px) 100vw, 1024px\" \/>\t\t\t\t\t\t\t\t\t\t\t\t\t\t\t<\/div>\n\t\t\t\t<\/div>\n\t\t\t\t<div class=\"elementor-element elementor-element-6139432 elementor-widget elementor-widget-image\" data-id=\"6139432\" data-element_type=\"widget\" data-widget_type=\"image.default\">\n\t\t\t\t<div class=\"elementor-widget-container\">\n\t\t\t\t\t\t\t\t\t\t\t\t\t\t\t<img loading=\"lazy\" decoding=\"async\" width=\"1024\" height=\"1024\" src=\"https:\/\/www.dota.go.cr\/ViveDota\/wp-content\/uploads\/2025\/08\/Zimt.png\" class=\"attachment-large size-large wp-image-4204\" alt=\"\" srcset=\"https:\/\/www.dota.go.cr\/ViveDota\/wp-content\/uploads\/2025\/08\/Zimt.png 1024w, https:\/\/www.dota.go.cr\/ViveDota\/wp-content\/uploads\/2025\/08\/Zimt-300x300.png 300w, https:\/\/www.dota.go.cr\/ViveDota\/wp-content\/uploads\/2025\/08\/Zimt-150x150.png 150w, https:\/\/www.dota.go.cr\/ViveDota\/wp-content\/uploads\/2025\/08\/Zimt-768x768.png 768w\" sizes=\"(max-width: 1024px) 100vw, 1024px\" \/>\t\t\t\t\t\t\t\t\t\t\t\t\t\t\t<\/div>\n\t\t\t\t<\/div>\n\t\t\t\t<\/div>\n\t\t\t\t\t<\/div>\n\t\t\t\t<\/div>\n\t\t<div class=\"elementor-element elementor-element-5351f63 e-flex e-con-boxed e-con e-parent\" data-id=\"5351f63\" data-element_type=\"container\">\n\t\t\t\t\t<div class=\"e-con-inner\">\n\t\t\t\t<div class=\"elementor-element elementor-element-7ec877f elementor-widget elementor-widget-spacer\" data-id=\"7ec877f\" data-element_type=\"widget\" data-widget_type=\"spacer.default\">\n\t\t\t\t<div class=\"elementor-widget-container\">\n\t\t\t\t\t\t\t<div class=\"elementor-spacer\">\n\t\t\t<div class=\"elementor-spacer-inner\"><\/div>\n\t\t<\/div>\n\t\t\t\t\t\t<\/div>\n\t\t\t\t<\/div>\n\t\t\t\t\t<\/div>\n\t\t\t\t<\/div>\n\t\t\t\t<\/div>\n\t\t","protected":false},"excerpt":{"rendered":"<p>Panes y Reposter\u00eda Adri +506 8856 5471 adri16132009@hotmail.com Panes y Reposter\u00eda Adri 200m al Este de Sun Valley Dota, Santa [&hellip;]<\/p>\n","protected":false},"author":1,"featured_media":0,"parent":391,"menu_order":0,"comment_status":"closed","ping_status":"closed","template":"","meta":{"_acf_changed":false,"site-sidebar-layout":"no-sidebar","site-content-layout":"","ast-site-content-layout":"full-width-container","site-content-style":"default","site-sidebar-style":"default","ast-global-header-display":"","ast-banner-title-visibility":"","ast-main-header-display":"","ast-hfb-above-header-display":"","ast-hfb-below-header-display":"","ast-hfb-mobile-header-display":"","site-post-title":"disabled","ast-breadcrumbs-content":"","ast-featured-img":"disabled","footer-sml-layout":"","theme-transparent-header-meta":"","adv-header-id-meta":"","stick-header-meta":"","header-above-stick-meta":"","header-main-stick-meta":"","header-below-stick-meta":"","astra-migrate-meta-layouts":"default","ast-page-background-enabled":"default","ast-page-background-meta":{"desktop":{"background-color":"var(--ast-global-color-4)","background-image":"","background-repeat":"repeat","background-position":"center center","background-size":"auto","background-attachment":"scroll","background-type":"","background-media":"","overlay-type":"","overlay-color":"","overlay-opacity":"","overlay-gradient":""},"tablet":{"background-color":"","background-image":"","background-repeat":"repeat","background-position":"center center","background-size":"auto","background-attachment":"scroll","background-type":"","background-media":"","overlay-type":"","overlay-color":"","overlay-opacity":"","overlay-gradient":""},"mobile":{"background-color":"","background-image":"","background-repeat":"repeat","background-position":"center center","background-size":"auto","background-attachment":"scroll","background-type":"","background-media":"","overlay-type":"","overlay-color":"","overlay-opacity":"","overlay-gradient":""}},"ast-content-background-meta":{"desktop":{"background-color":"var(--ast-global-color-5)","background-image":"","background-repeat":"repeat","background-position":"center center","background-size":"auto","background-attachment":"scroll","background-type":"","background-media":"","overlay-type":"","overlay-color":"","overlay-opacity":"","overlay-gradient":""},"tablet":{"background-color":"var(--ast-global-color-5)","background-image":"","background-repeat":"repeat","background-position":"center center","background-size":"auto","background-attachment":"scroll","background-type":"","background-media":"","overlay-type":"","overlay-color":"","overlay-opacity":"","overlay-gradient":""},"mobile":{"background-color":"var(--ast-global-color-5)","background-image":"","background-repeat":"repeat","background-position":"center center","background-size":"auto","background-attachment":"scroll","background-type":"","background-media":"","overlay-type":"","overlay-color":"","overlay-opacity":"","overlay-gradient":""}},"footnotes":""},"class_list":["post-3447","page","type-page","status-publish","hentry"],"acf":[],"_links":{"self":[{"href":"https:\/\/www.dota.go.cr\/ViveDota\/wp-json\/wp\/v2\/pages\/3447","targetHints":{"allow":["GET"]}}],"collection":[{"href":"https:\/\/www.dota.go.cr\/ViveDota\/wp-json\/wp\/v2\/pages"}],"about":[{"href":"https:\/\/www.dota.go.cr\/ViveDota\/wp-json\/wp\/v2\/types\/page"}],"author":[{"embeddable":true,"href":"https:\/\/www.dota.go.cr\/ViveDota\/wp-json\/wp\/v2\/users\/1"}],"replies":[{"embeddable":true,"href":"https:\/\/www.dota.go.cr\/ViveDota\/wp-json\/wp\/v2\/comments?post=3447"}],"version-history":[{"count":15,"href":"https:\/\/www.dota.go.cr\/ViveDota\/wp-json\/wp\/v2\/pages\/3447\/revisions"}],"predecessor-version":[{"id":4207,"href":"https:\/\/www.dota.go.cr\/ViveDota\/wp-json\/wp\/v2\/pages\/3447\/revisions\/4207"}],"up":[{"embeddable":true,"href":"https:\/\/www.dota.go.cr\/ViveDota\/wp-json\/wp\/v2\/pages\/391"}],"wp:attachment":[{"href":"https:\/\/www.dota.go.cr\/ViveDota\/wp-json\/wp\/v2\/media?parent=3447"}],"curies":[{"name":"wp","href":"https:\/\/api.w.org\/{rel}","templated":true}]}}