{"id":3629,"date":"2025-07-13T02:43:36","date_gmt":"2025-07-13T02:43:36","guid":{"rendered":"https:\/\/www.dota.go.cr\/ViveDota\/?page_id=3629"},"modified":"2025-07-14T02:48:25","modified_gmt":"2025-07-14T02:48:25","slug":"2-30-iglesia","status":"publish","type":"page","link":"https:\/\/www.dota.go.cr\/ViveDota\/02-producers\/2-30-iglesia\/","title":{"rendered":"2.30 Iglesia"},"content":{"rendered":"\t\t<div data-elementor-type=\"wp-page\" data-elementor-id=\"3629\" class=\"elementor elementor-3629\">\n\t\t\t\t<div class=\"elementor-element elementor-element-10cb0e6 e-flex e-con-boxed e-con e-parent\" data-id=\"10cb0e6\" data-element_type=\"container\">\n\t\t\t\t\t<div class=\"e-con-inner\">\n\t\t\t\t<div class=\"elementor-element elementor-element-5bd2dd2 elementor-widget-divider--view-line elementor-widget elementor-widget-divider\" data-id=\"5bd2dd2\" data-element_type=\"widget\" data-widget_type=\"divider.default\">\n\t\t\t\t<div class=\"elementor-widget-container\">\n\t\t\t\t\t\t\t<div class=\"elementor-divider\">\n\t\t\t<span class=\"elementor-divider-separator\">\n\t\t\t\t\t\t<\/span>\n\t\t<\/div>\n\t\t\t\t\t\t<\/div>\n\t\t\t\t<\/div>\n\t\t\t\t\t<\/div>\n\t\t\t\t<\/div>\n\t\t<div class=\"elementor-element elementor-element-df2de84 e-flex e-con-boxed e-con e-parent\" data-id=\"df2de84\" data-element_type=\"container\">\n\t\t\t\t\t<div class=\"e-con-inner\">\n\t\t<div class=\"elementor-element elementor-element-f56e864 e-con-full e-flex e-con e-child\" data-id=\"f56e864\" data-element_type=\"container\">\n\t\t<div class=\"elementor-element elementor-element-9664a0d e-con-full e-flex e-con e-child\" data-id=\"9664a0d\" data-element_type=\"container\">\n\t\t<div class=\"elementor-element elementor-element-72f3522 e-con-full e-flex e-con e-child\" data-id=\"72f3522\" data-element_type=\"container\">\n\t\t\t\t<div class=\"elementor-element elementor-element-a5ce208 elementor-widget elementor-widget-heading\" data-id=\"a5ce208\" data-element_type=\"widget\" data-widget_type=\"heading.default\">\n\t\t\t\t<div class=\"elementor-widget-container\">\n\t\t\t\t\t<h3 class=\"elementor-heading-title elementor-size-default\">La Iglesia de Santa Mar\u00eda<\/h3>\t\t\t\t<\/div>\n\t\t\t\t<\/div>\n\t\t\t\t<\/div>\n\t\t<div class=\"elementor-element elementor-element-1b39bd9 e-con-full e-flex e-con e-child\" data-id=\"1b39bd9\" data-element_type=\"container\" data-settings=\"{&quot;background_background&quot;:&quot;classic&quot;}\">\n\t\t<div class=\"elementor-element elementor-element-f11c289 e-con-full e-flex e-con e-child\" data-id=\"f11c289\" data-element_type=\"container\">\n\t\t\t\t<div class=\"elementor-element elementor-element-6126a11 elementor-list-item-link-full_width elementor-widget elementor-widget-icon-list\" data-id=\"6126a11\" data-element_type=\"widget\" data-widget_type=\"icon-list.default\">\n\t\t\t\t<div class=\"elementor-widget-container\">\n\t\t\t\t\t\t\t<ul class=\"elementor-icon-list-items\">\n\t\t\t\t\t\t\t<li class=\"elementor-icon-list-item\">\n\t\t\t\t\t\t\t\t\t\t\t<span class=\"elementor-icon-list-icon\">\n\t\t\t\t\t\t\t<svg aria-hidden=\"true\" class=\"e-font-icon-svg e-fas-phone-alt\" viewBox=\"0 0 512 512\" xmlns=\"http:\/\/www.w3.org\/2000\/svg\"><path d=\"M497.39 361.8l-112-48a24 24 0 0 0-28 6.9l-49.6 60.6A370.66 370.66 0 0 1 130.6 204.11l60.6-49.6a23.94 23.94 0 0 0 6.9-28l-48-112A24.16 24.16 0 0 0 122.6.61l-104 24A24 24 0 0 0 0 48c0 256.5 207.9 464 464 464a24 24 0 0 0 23.4-18.6l24-104a24.29 24.29 0 0 0-14.01-27.6z\"><\/path><\/svg>\t\t\t\t\t\t<\/span>\n\t\t\t\t\t\t\t\t\t\t<span class=\"elementor-icon-list-text\">+506 8417 5391<\/span>\n\t\t\t\t\t\t\t\t\t<\/li>\n\t\t\t\t\t\t\t\t<li class=\"elementor-icon-list-item\">\n\t\t\t\t\t\t\t\t\t\t\t<span class=\"elementor-icon-list-icon\">\n\t\t\t\t\t\t\t<svg aria-hidden=\"true\" class=\"e-font-icon-svg e-fas-map-marker-alt\" viewBox=\"0 0 384 512\" xmlns=\"http:\/\/www.w3.org\/2000\/svg\"><path d=\"M172.268 501.67C26.97 291.031 0 269.413 0 192 0 85.961 85.961 0 192 0s192 85.961 192 192c0 77.413-26.97 99.031-172.268 309.67-9.535 13.774-29.93 13.773-39.464 0zM192 272c44.183 0 80-35.817 80-80s-35.817-80-80-80-80 35.817-80 80 35.817 80 80 80z\"><\/path><\/svg>\t\t\t\t\t\t<\/span>\n\t\t\t\t\t\t\t\t\t\t<span class=\"elementor-icon-list-text\">El Santuario, Santa Mar\u00eda de Dota, San Jos\u00e9, Costa Rica<\/span>\n\t\t\t\t\t\t\t\t\t<\/li>\n\t\t\t\t\t\t\t\t<li class=\"elementor-icon-list-item\">\n\t\t\t\t\t\t\t\t\t\t\t<span class=\"elementor-icon-list-icon\">\n\t\t\t\t\t\t\t<svg aria-hidden=\"true\" class=\"e-font-icon-svg e-fas-clock\" viewBox=\"0 0 512 512\" xmlns=\"http:\/\/www.w3.org\/2000\/svg\"><path d=\"M256,8C119,8,8,119,8,256S119,504,256,504,504,393,504,256,393,8,256,8Zm92.49,313h0l-20,25a16,16,0,0,1-22.49,2.5h0l-67-49.72a40,40,0,0,1-15-31.23V112a16,16,0,0,1,16-16h32a16,16,0,0,1,16,16V256l58,42.5A16,16,0,0,1,348.49,321Z\"><\/path><\/svg>\t\t\t\t\t\t<\/span>\n\t\t\t\t\t\t\t\t\t\t<span class=\"elementor-icon-list-text\">Todos los d\u00edas<\/span>\n\t\t\t\t\t\t\t\t\t<\/li>\n\t\t\t\t\t\t<\/ul>\n\t\t\t\t\t\t<\/div>\n\t\t\t\t<\/div>\n\t\t\t\t<\/div>\n\t\t\t\t<\/div>\n\t\t\t\t<\/div>\n\t\t<div class=\"elementor-element elementor-element-3bb75d5 e-con-full e-flex e-con e-child\" data-id=\"3bb75d5\" data-element_type=\"container\">\n\t\t\t\t<div class=\"elementor-element elementor-element-1d37e68 elementor-widget elementor-widget-image\" data-id=\"1d37e68\" data-element_type=\"widget\" data-widget_type=\"image.default\">\n\t\t\t\t<div class=\"elementor-widget-container\">\n\t\t\t\t\t\t\t\t\t\t\t\t\t\t\t<img fetchpriority=\"high\" decoding=\"async\" width=\"1024\" height=\"1024\" src=\"https:\/\/www.dota.go.cr\/ViveDota\/wp-content\/uploads\/2025\/07\/Design-ohne-Titel-2025-07-12T205002.338-1024x1024.png\" class=\"attachment-large size-large wp-image-3646\" alt=\"\" srcset=\"https:\/\/www.dota.go.cr\/ViveDota\/wp-content\/uploads\/2025\/07\/Design-ohne-Titel-2025-07-12T205002.338-1024x1024.png 1024w, https:\/\/www.dota.go.cr\/ViveDota\/wp-content\/uploads\/2025\/07\/Design-ohne-Titel-2025-07-12T205002.338-300x300.png 300w, https:\/\/www.dota.go.cr\/ViveDota\/wp-content\/uploads\/2025\/07\/Design-ohne-Titel-2025-07-12T205002.338-150x150.png 150w, https:\/\/www.dota.go.cr\/ViveDota\/wp-content\/uploads\/2025\/07\/Design-ohne-Titel-2025-07-12T205002.338-768x768.png 768w, https:\/\/www.dota.go.cr\/ViveDota\/wp-content\/uploads\/2025\/07\/Design-ohne-Titel-2025-07-12T205002.338.png 1500w\" sizes=\"(max-width: 1024px) 100vw, 1024px\" \/>\t\t\t\t\t\t\t\t\t\t\t\t\t\t\t<\/div>\n\t\t\t\t<\/div>\n\t\t\t\t<\/div>\n\t\t\t\t<\/div>\n\t\t\t\t\t<\/div>\n\t\t\t\t<\/div>\n\t\t<div class=\"elementor-element elementor-element-c8aa4a4 e-flex e-con-boxed e-con e-parent\" data-id=\"c8aa4a4\" data-element_type=\"container\">\n\t\t\t\t\t<div class=\"e-con-inner\">\n\t\t\t\t<div class=\"elementor-element elementor-element-aa64687 elementor-widget elementor-widget-spacer\" data-id=\"aa64687\" data-element_type=\"widget\" data-widget_type=\"spacer.default\">\n\t\t\t\t<div class=\"elementor-widget-container\">\n\t\t\t\t\t\t\t<div class=\"elementor-spacer\">\n\t\t\t<div class=\"elementor-spacer-inner\"><\/div>\n\t\t<\/div>\n\t\t\t\t\t\t<\/div>\n\t\t\t\t<\/div>\n\t\t\t\t\t<\/div>\n\t\t\t\t<\/div>\n\t\t<div class=\"elementor-element elementor-element-b9a6a17 e-flex e-con-boxed e-con e-parent\" data-id=\"b9a6a17\" data-element_type=\"container\">\n\t\t\t\t\t<div class=\"e-con-inner\">\n\t\t<div class=\"elementor-element elementor-element-6e51f0e e-con-full e-flex e-con e-child\" data-id=\"6e51f0e\" data-element_type=\"container\">\n\t\t\t\t<div class=\"elementor-element elementor-element-3c04c7d elementor-widget elementor-widget-heading\" data-id=\"3c04c7d\" data-element_type=\"widget\" data-widget_type=\"heading.default\">\n\t\t\t\t<div class=\"elementor-widget-container\">\n\t\t\t\t\t<h4 class=\"elementor-heading-title elementor-size-default\">S\u00edmbolo espiritual y social de Dota<\/h4>\t\t\t\t<\/div>\n\t\t\t\t<\/div>\n\t\t\t\t<div class=\"elementor-element elementor-element-4e7d80d elementor-widget__width-inherit elementor-widget elementor-widget-text-editor\" data-id=\"4e7d80d\" data-element_type=\"widget\" data-widget_type=\"text-editor.default\">\n\t\t\t\t<div class=\"elementor-widget-container\">\n\t\t\t\t\t\t\t\t\t<p>La iglesia de Santa Mar\u00eda desempe\u00f1a un papel fundamental en la vida de la regi\u00f3n y es un verdadero pilar de la identidad mariense y de Dota. Su imponente presencia se percibe desde todos los puntos del valle y, por s\u00ed sola, impresiona a quienes ingresan por primera vez en la zona: es lo primero que se ve al llegar a Santa Mar\u00eda.<\/p><p>La Virgen de la Cueva Santa, patrona del pueblo, es un s\u00edmbolo profundamente arraigado en la comunidad. Para el sacerdote Alb\u00e1n, tanto el santuario como la regi\u00f3n y su gente tienen un significado muy especial. Aqu\u00ed, se\u00f1ala, las personas son cercanas, fieles, amables y generosas al momento de servir a los dem\u00e1s.<\/p><p>Tambi\u00e9n destaca la belleza natural, la tranquilidad y los paisajes extraordinarios que rodean la zona, as\u00ed como la seguridad que caracteriza a Dota, considerada una de las regiones m\u00e1s seguras del pa\u00eds.<\/p><p>Lo que m\u00e1s disfruta de su labor como sacerdote es estar cerca de la gente, compartir con la comunidad, ser accesible y tener tiempo para todos. Ese esp\u00edritu comunitario \u2014donde todos se conocen, se apoyan y se cuidan\u2014 es, en sus palabras, una de las grandes virtudes de vivir en el campo.<\/p>\t\t\t\t\t\t\t\t<\/div>\n\t\t\t\t<\/div>\n\t\t\t\t<div class=\"elementor-element elementor-element-30112ba elementor-widget-divider--view-line elementor-widget elementor-widget-divider\" data-id=\"30112ba\" data-element_type=\"widget\" data-widget_type=\"divider.default\">\n\t\t\t\t<div class=\"elementor-widget-container\">\n\t\t\t\t\t\t\t<div class=\"elementor-divider\">\n\t\t\t<span class=\"elementor-divider-separator\">\n\t\t\t\t\t\t<\/span>\n\t\t<\/div>\n\t\t\t\t\t\t<\/div>\n\t\t\t\t<\/div>\n\t\t\t\t<div class=\"elementor-element elementor-element-f55c083 elementor-widget elementor-widget-text-editor\" data-id=\"f55c083\" data-element_type=\"widget\" data-widget_type=\"text-editor.default\">\n\t\t\t\t<div class=\"elementor-widget-container\">\n\t\t\t\t\t\t\t\t\t<p><strong><span style=\"white-space-collapse: preserve; font-style: inherit;\">\u201eHermanos y hermanas, que el amor de Dios gu\u00ede siempre nuestros pasos y fortalezca nuestra fe en medio de las pruebas.\u201c<\/span><\/strong><\/p>\t\t\t\t\t\t\t\t<\/div>\n\t\t\t\t<\/div>\n\t\t\t\t<div class=\"elementor-element elementor-element-bd409ab elementor-widget-divider--view-line elementor-widget elementor-widget-divider\" data-id=\"bd409ab\" data-element_type=\"widget\" data-widget_type=\"divider.default\">\n\t\t\t\t<div class=\"elementor-widget-container\">\n\t\t\t\t\t\t\t<div class=\"elementor-divider\">\n\t\t\t<span class=\"elementor-divider-separator\">\n\t\t\t\t\t\t<\/span>\n\t\t<\/div>\n\t\t\t\t\t\t<\/div>\n\t\t\t\t<\/div>\n\t\t\t\t<\/div>\n\t\t\t\t\t<\/div>\n\t\t\t\t<\/div>\n\t\t<div class=\"elementor-element elementor-element-4fd859a e-flex e-con-boxed e-con e-parent\" data-id=\"4fd859a\" data-element_type=\"container\">\n\t\t\t\t\t<div class=\"e-con-inner\">\n\t\t\t\t<div class=\"elementor-element elementor-element-7debf7b elementor-widget elementor-widget-spacer\" data-id=\"7debf7b\" data-element_type=\"widget\" data-widget_type=\"spacer.default\">\n\t\t\t\t<div class=\"elementor-widget-container\">\n\t\t\t\t\t\t\t<div class=\"elementor-spacer\">\n\t\t\t<div class=\"elementor-spacer-inner\"><\/div>\n\t\t<\/div>\n\t\t\t\t\t\t<\/div>\n\t\t\t\t<\/div>\n\t\t\t\t\t<\/div>\n\t\t\t\t<\/div>\n\t\t<div class=\"elementor-element elementor-element-3d6c76b e-flex e-con-boxed e-con e-parent\" data-id=\"3d6c76b\" data-element_type=\"container\">\n\t\t\t\t\t<div class=\"e-con-inner\">\n\t\t<div class=\"elementor-element elementor-element-e8b6c0d e-con-full e-flex e-con e-child\" data-id=\"e8b6c0d\" data-element_type=\"container\">\n\t\t\t\t<div class=\"elementor-element elementor-element-f132331 elementor-widget elementor-widget-image\" data-id=\"f132331\" data-element_type=\"widget\" data-widget_type=\"image.default\">\n\t\t\t\t<div class=\"elementor-widget-container\">\n\t\t\t\t\t\t\t\t\t\t\t\t\t\t\t<img decoding=\"async\" width=\"1024\" height=\"1024\" src=\"https:\/\/www.dota.go.cr\/ViveDota\/wp-content\/uploads\/2025\/07\/Design-ohne-Titel-2025-07-12T205428.325-1024x1024.png\" class=\"attachment-large size-large wp-image-3651\" alt=\"\" srcset=\"https:\/\/www.dota.go.cr\/ViveDota\/wp-content\/uploads\/2025\/07\/Design-ohne-Titel-2025-07-12T205428.325-1024x1024.png 1024w, https:\/\/www.dota.go.cr\/ViveDota\/wp-content\/uploads\/2025\/07\/Design-ohne-Titel-2025-07-12T205428.325-300x300.png 300w, https:\/\/www.dota.go.cr\/ViveDota\/wp-content\/uploads\/2025\/07\/Design-ohne-Titel-2025-07-12T205428.325-150x150.png 150w, https:\/\/www.dota.go.cr\/ViveDota\/wp-content\/uploads\/2025\/07\/Design-ohne-Titel-2025-07-12T205428.325-768x768.png 768w, https:\/\/www.dota.go.cr\/ViveDota\/wp-content\/uploads\/2025\/07\/Design-ohne-Titel-2025-07-12T205428.325.png 1500w\" sizes=\"(max-width: 1024px) 100vw, 1024px\" \/>\t\t\t\t\t\t\t\t\t\t\t\t\t\t\t<\/div>\n\t\t\t\t<\/div>\n\t\t\t\t<div class=\"elementor-element elementor-element-03990c3 elementor-widget elementor-widget-image\" data-id=\"03990c3\" data-element_type=\"widget\" data-widget_type=\"image.default\">\n\t\t\t\t<div class=\"elementor-widget-container\">\n\t\t\t\t\t\t\t\t\t\t\t\t\t\t\t<img decoding=\"async\" width=\"1024\" height=\"1024\" src=\"https:\/\/www.dota.go.cr\/ViveDota\/wp-content\/uploads\/2025\/07\/Design-ohne-Titel-2025-07-12T205731.248-1024x1024.png\" class=\"attachment-large size-large wp-image-3650\" alt=\"\" srcset=\"https:\/\/www.dota.go.cr\/ViveDota\/wp-content\/uploads\/2025\/07\/Design-ohne-Titel-2025-07-12T205731.248-1024x1024.png 1024w, https:\/\/www.dota.go.cr\/ViveDota\/wp-content\/uploads\/2025\/07\/Design-ohne-Titel-2025-07-12T205731.248-300x300.png 300w, https:\/\/www.dota.go.cr\/ViveDota\/wp-content\/uploads\/2025\/07\/Design-ohne-Titel-2025-07-12T205731.248-150x150.png 150w, https:\/\/www.dota.go.cr\/ViveDota\/wp-content\/uploads\/2025\/07\/Design-ohne-Titel-2025-07-12T205731.248-768x768.png 768w, https:\/\/www.dota.go.cr\/ViveDota\/wp-content\/uploads\/2025\/07\/Design-ohne-Titel-2025-07-12T205731.248.png 1500w\" sizes=\"(max-width: 1024px) 100vw, 1024px\" \/>\t\t\t\t\t\t\t\t\t\t\t\t\t\t\t<\/div>\n\t\t\t\t<\/div>\n\t\t\t\t<div class=\"elementor-element elementor-element-6139432 elementor-widget elementor-widget-image\" data-id=\"6139432\" data-element_type=\"widget\" data-widget_type=\"image.default\">\n\t\t\t\t<div class=\"elementor-widget-container\">\n\t\t\t\t\t\t\t\t\t\t\t\t\t\t\t<img loading=\"lazy\" decoding=\"async\" width=\"1024\" height=\"1024\" src=\"https:\/\/www.dota.go.cr\/ViveDota\/wp-content\/uploads\/2025\/07\/Design-ohne-Titel-2025-07-12T205808.313-1024x1024.png\" class=\"attachment-large size-large wp-image-3652\" alt=\"\" srcset=\"https:\/\/www.dota.go.cr\/ViveDota\/wp-content\/uploads\/2025\/07\/Design-ohne-Titel-2025-07-12T205808.313-1024x1024.png 1024w, https:\/\/www.dota.go.cr\/ViveDota\/wp-content\/uploads\/2025\/07\/Design-ohne-Titel-2025-07-12T205808.313-300x300.png 300w, https:\/\/www.dota.go.cr\/ViveDota\/wp-content\/uploads\/2025\/07\/Design-ohne-Titel-2025-07-12T205808.313-150x150.png 150w, https:\/\/www.dota.go.cr\/ViveDota\/wp-content\/uploads\/2025\/07\/Design-ohne-Titel-2025-07-12T205808.313-768x768.png 768w, https:\/\/www.dota.go.cr\/ViveDota\/wp-content\/uploads\/2025\/07\/Design-ohne-Titel-2025-07-12T205808.313.png 1500w\" sizes=\"(max-width: 1024px) 100vw, 1024px\" \/>\t\t\t\t\t\t\t\t\t\t\t\t\t\t\t<\/div>\n\t\t\t\t<\/div>\n\t\t\t\t<\/div>\n\t\t\t\t\t<\/div>\n\t\t\t\t<\/div>\n\t\t<div class=\"elementor-element elementor-element-5351f63 e-flex e-con-boxed e-con e-parent\" data-id=\"5351f63\" data-element_type=\"container\">\n\t\t\t\t\t<div class=\"e-con-inner\">\n\t\t\t\t<div class=\"elementor-element elementor-element-7ec877f elementor-widget elementor-widget-spacer\" data-id=\"7ec877f\" data-element_type=\"widget\" data-widget_type=\"spacer.default\">\n\t\t\t\t<div class=\"elementor-widget-container\">\n\t\t\t\t\t\t\t<div class=\"elementor-spacer\">\n\t\t\t<div class=\"elementor-spacer-inner\"><\/div>\n\t\t<\/div>\n\t\t\t\t\t\t<\/div>\n\t\t\t\t<\/div>\n\t\t\t\t\t<\/div>\n\t\t\t\t<\/div>\n\t\t\t\t<\/div>\n\t\t","protected":false},"excerpt":{"rendered":"<p>La Iglesia de Santa Mar\u00eda +506 8417 5391 El Santuario, Santa Mar\u00eda de Dota, San Jos\u00e9, Costa Rica Todos los [&hellip;]<\/p>\n","protected":false},"author":1,"featured_media":0,"parent":391,"menu_order":0,"comment_status":"closed","ping_status":"closed","template":"","meta":{"_acf_changed":false,"site-sidebar-layout":"no-sidebar","site-content-layout":"","ast-site-content-layout":"full-width-container","site-content-style":"default","site-sidebar-style":"default","ast-global-header-display":"","ast-banner-title-visibility":"","ast-main-header-display":"","ast-hfb-above-header-display":"","ast-hfb-below-header-display":"","ast-hfb-mobile-header-display":"","site-post-title":"disabled","ast-breadcrumbs-content":"","ast-featured-img":"disabled","footer-sml-layout":"","theme-transparent-header-meta":"","adv-header-id-meta":"","stick-header-meta":"","header-above-stick-meta":"","header-main-stick-meta":"","header-below-stick-meta":"","astra-migrate-meta-layouts":"default","ast-page-background-enabled":"default","ast-page-background-meta":{"desktop":{"background-color":"var(--ast-global-color-4)","background-image":"","background-repeat":"repeat","background-position":"center center","background-size":"auto","background-attachment":"scroll","background-type":"","background-media":"","overlay-type":"","overlay-color":"","overlay-opacity":"","overlay-gradient":""},"tablet":{"background-color":"","background-image":"","background-repeat":"repeat","background-position":"center center","background-size":"auto","background-attachment":"scroll","background-type":"","background-media":"","overlay-type":"","overlay-color":"","overlay-opacity":"","overlay-gradient":""},"mobile":{"background-color":"","background-image":"","background-repeat":"repeat","background-position":"center center","background-size":"auto","background-attachment":"scroll","background-type":"","background-media":"","overlay-type":"","overlay-color":"","overlay-opacity":"","overlay-gradient":""}},"ast-content-background-meta":{"desktop":{"background-color":"var(--ast-global-color-5)","background-image":"","background-repeat":"repeat","background-position":"center center","background-size":"auto","background-attachment":"scroll","background-type":"","background-media":"","overlay-type":"","overlay-color":"","overlay-opacity":"","overlay-gradient":""},"tablet":{"background-color":"var(--ast-global-color-5)","background-image":"","background-repeat":"repeat","background-position":"center center","background-size":"auto","background-attachment":"scroll","background-type":"","background-media":"","overlay-type":"","overlay-color":"","overlay-opacity":"","overlay-gradient":""},"mobile":{"background-color":"var(--ast-global-color-5)","background-image":"","background-repeat":"repeat","background-position":"center center","background-size":"auto","background-attachment":"scroll","background-type":"","background-media":"","overlay-type":"","overlay-color":"","overlay-opacity":"","overlay-gradient":""}},"footnotes":""},"class_list":["post-3629","page","type-page","status-publish","hentry"],"acf":[],"_links":{"self":[{"href":"https:\/\/www.dota.go.cr\/ViveDota\/wp-json\/wp\/v2\/pages\/3629","targetHints":{"allow":["GET"]}}],"collection":[{"href":"https:\/\/www.dota.go.cr\/ViveDota\/wp-json\/wp\/v2\/pages"}],"about":[{"href":"https:\/\/www.dota.go.cr\/ViveDota\/wp-json\/wp\/v2\/types\/page"}],"author":[{"embeddable":true,"href":"https:\/\/www.dota.go.cr\/ViveDota\/wp-json\/wp\/v2\/users\/1"}],"replies":[{"embeddable":true,"href":"https:\/\/www.dota.go.cr\/ViveDota\/wp-json\/wp\/v2\/comments?post=3629"}],"version-history":[{"count":36,"href":"https:\/\/www.dota.go.cr\/ViveDota\/wp-json\/wp\/v2\/pages\/3629\/revisions"}],"predecessor-version":[{"id":3929,"href":"https:\/\/www.dota.go.cr\/ViveDota\/wp-json\/wp\/v2\/pages\/3629\/revisions\/3929"}],"up":[{"embeddable":true,"href":"https:\/\/www.dota.go.cr\/ViveDota\/wp-json\/wp\/v2\/pages\/391"}],"wp:attachment":[{"href":"https:\/\/www.dota.go.cr\/ViveDota\/wp-json\/wp\/v2\/media?parent=3629"}],"curies":[{"name":"wp","href":"https:\/\/api.w.org\/{rel}","templated":true}]}}